{"id":74,"date":"2016-11-07T10:10:39","date_gmt":"2016-11-07T09:10:39","guid":{"rendered":"http:\/\/www.a-e-services.com\/web\/?page_id=74"},"modified":"2016-11-07T10:24:37","modified_gmt":"2016-11-07T09:24:37","slug":"impressum","status":"publish","type":"page","link":"http:\/\/www.a-e-services.com\/web\/?page_id=74","title":{"rendered":"Impressum"},"content":{"rendered":"<p>AES GmbH<br \/>\nautomation engineering services<br \/>\nIndustriezeile\u00a054<br \/>\n5280 Braunau am Inn<br \/>\nAustria<\/p>\n<p>Telefonnummer:\u00a0+43 (0)\u00a0660 47 48 002<br \/>\nE-Mailadresse: office@a-e-services.com<\/p>\n<p>Gesch\u00e4ftsf\u00fchrender Gesellschafter: DI(FH) Stefan Lugstein<\/p>\n<p>Firmensitz: Braunau am Inn<br \/>\nFirmenbuchnummer: FN 403222z<br \/>\nFirmenbuchgericht: Ried i. Innkreis<br \/>\nUmsatzsteuer-Identifikationsnummer: ATU68203044<\/p>\n<p>Rechtsform: Gesellschaft mit beschr\u00e4nkter Haftung<br \/>\nBeh\u00f6rde gem. ECG: Bezirkshauptmannschaft Braunau am Inn<\/p>\n<p>Fachgruppe: Mechatroniker f\u00fcr Elektromaschinenbau und Automatisierung<\/p>\n<p>Inhaltlich verantwortlich:\u00a0Stefan Lugstein<\/p>\n<p><a href=\"https:\/\/firmen.wko.at\/Web\/DetailsInfos.aspx?FirmaID=648dbceb-127b-4c2d-b688-685759aaf04b&amp;StandortID=0&amp;Suchbegriff=aes+gmbh&amp;Page=1\" target=\"_blank\"><img loading=\"lazy\" decoding=\"async\" class=\"alignnone wp-image-13051 size-full\" src=\"http:\/\/www.7pdesign.at\/wp-content\/uploads\/ecg.gif\" alt=\"ecg\" width=\"169\" height=\"23\" \/><\/a><\/p>\n","protected":false},"excerpt":{"rendered":"<p>AES GmbH automation engineering services Industriezeile\u00a054 5280 Braunau am Inn Austria Telefonnummer:\u00a0+43 (0)\u00a0660 47 48 002 E-Mailadresse: office@a-e-services.com Gesch\u00e4ftsf\u00fchrender Gesellschafter: DI(FH) Stefan Lugstein Firmensitz: Braunau am Inn Firmenbuchnummer: FN 403222z Firmenbuchgericht: Ried i. Innkreis Umsatzsteuer-Identifikationsnummer: ATU68203044 Rechtsform: Gesellschaft mit beschr\u00e4nkter Haftung Beh\u00f6rde gem. ECG: Bezirkshauptmannschaft Braunau am Inn Fachgruppe: Mechatroniker f\u00fcr Elektromaschinenbau und Automatisierung Inhaltlich&hellip;&nbsp;<a href=\"http:\/\/www.a-e-services.com\/web\/?page_id=74\" class=\"\" rel=\"bookmark\">Weiterlesen &raquo;<span class=\"screen-reader-text\">Impressum<\/span><\/a><\/p>\n","protected":false},"author":1,"featured_media":0,"parent":0,"menu_order":0,"comment_status":"closed","ping_status":"closed","template":"","meta":{"neve_meta_sidebar":"","neve_meta_container":"","neve_meta_enable_content_width":"","neve_meta_content_width":0,"neve_meta_title_alignment":"","neve_meta_author_avatar":"","neve_post_elements_order":"","neve_meta_disable_header":"","neve_meta_disable_footer":"","neve_meta_disable_title":"","_themeisle_gutenberg_block_has_review":false,"footnotes":""},"class_list":["post-74","page","type-page","status-publish","hentry"],"_links":{"self":[{"href":"http:\/\/www.a-e-services.com\/web\/index.php?rest_route=\/wp\/v2\/pages\/74","targetHints":{"allow":["GET"]}}],"collection":[{"href":"http:\/\/www.a-e-services.com\/web\/index.php?rest_route=\/wp\/v2\/pages"}],"about":[{"href":"http:\/\/www.a-e-services.com\/web\/index.php?rest_route=\/wp\/v2\/types\/page"}],"author":[{"embeddable":true,"href":"http:\/\/www.a-e-services.com\/web\/index.php?rest_route=\/wp\/v2\/users\/1"}],"replies":[{"embeddable":true,"href":"http:\/\/www.a-e-services.com\/web\/index.php?rest_route=%2Fwp%2Fv2%2Fcomments&post=74"}],"version-history":[{"count":9,"href":"http:\/\/www.a-e-services.com\/web\/index.php?rest_route=\/wp\/v2\/pages\/74\/revisions"}],"predecessor-version":[{"id":93,"href":"http:\/\/www.a-e-services.com\/web\/index.php?rest_route=\/wp\/v2\/pages\/74\/revisions\/93"}],"wp:attachment":[{"href":"http:\/\/www.a-e-services.com\/web\/index.php?rest_route=%2Fwp%2Fv2%2Fmedia&parent=74"}],"curies":[{"name":"wp","href":"https:\/\/api.w.org\/{rel}","templated":true}]}}